{"id":1021,"date":"2021-03-10T11:56:16","date_gmt":"2021-03-10T14:56:16","guid":{"rendered":"https:\/\/cml-bue.infd.edu.ar\/sitio\/?page_id=1021"},"modified":"2026-04-24T20:40:05","modified_gmt":"2026-04-24T23:40:05","slug":"horarios-del-equipo-de-conduccion","status":"publish","type":"page","link":"https:\/\/cml-bue.infd.edu.ar\/sitio\/horarios-del-equipo-de-conduccion\/","title":{"rendered":"Equipo de Conducci\u00f3n"},"content":{"rendered":"\n<p class=\"has-text-align-right\"><\/p>\n\n\n\n<p><strong>Director:<\/strong> Lic. Edmundo Guillermo Marcilla<br><strong>Regente:<\/strong> Prof. Maximiliano Aldabe<br><strong>Secretario:<\/strong> Prof. Roque Hern\u00e1n Bestoso<br><strong>Jefe de \u00c1rea:<\/strong> Prof. Gabriela Natalia Elosegui<br><strong>Jefe de \u00c1rea:<\/strong> Prof. Mar\u00eda Luj\u00e1n Rillo<\/p>\n\n\n\n<p><\/p>\n","protected":false},"excerpt":{"rendered":"<p>Director: Lic. Edmundo Guillermo MarcillaRegente: Prof. Maximiliano AldabeSecretario: Prof. Roque Hern\u00e1n BestosoJefe de \u00c1rea: Prof. Gabriela Natalia EloseguiJefe de \u00c1rea: Prof. Mar\u00eda Luj\u00e1n Rillo<\/p>\n","protected":false},"author":321,"featured_media":0,"parent":0,"menu_order":0,"comment_status":"closed","ping_status":"closed","template":"","meta":[],"acf":[],"_links":{"self":[{"href":"https:\/\/cml-bue.infd.edu.ar\/sitio\/wp-json\/wp\/v2\/pages\/1021"}],"collection":[{"href":"https:\/\/cml-bue.infd.edu.ar\/sitio\/wp-json\/wp\/v2\/pages"}],"about":[{"href":"https:\/\/cml-bue.infd.edu.ar\/sitio\/wp-json\/wp\/v2\/types\/page"}],"author":[{"embeddable":true,"href":"https:\/\/cml-bue.infd.edu.ar\/sitio\/wp-json\/wp\/v2\/users\/321"}],"replies":[{"embeddable":true,"href":"https:\/\/cml-bue.infd.edu.ar\/sitio\/wp-json\/wp\/v2\/comments?post=1021"}],"version-history":[{"count":25,"href":"https:\/\/cml-bue.infd.edu.ar\/sitio\/wp-json\/wp\/v2\/pages\/1021\/revisions"}],"predecessor-version":[{"id":3574,"href":"https:\/\/cml-bue.infd.edu.ar\/sitio\/wp-json\/wp\/v2\/pages\/1021\/revisions\/3574"}],"wp:attachment":[{"href":"https:\/\/cml-bue.infd.edu.ar\/sitio\/wp-json\/wp\/v2\/media?parent=1021"}],"curies":[{"name":"wp","href":"https:\/\/api.w.org\/{rel}","templated":true}]}}