{"id":1401,"date":"2024-03-01T08:57:02","date_gmt":"2024-03-01T11:57:02","guid":{"rendered":"https:\/\/cml-bue.infd.edu.ar\/sitio\/?page_id=1401"},"modified":"2026-02-24T10:29:54","modified_gmt":"2026-02-24T13:29:54","slug":"iniciacion","status":"publish","type":"page","link":"https:\/\/cml-bue.infd.edu.ar\/sitio\/iniciacion\/","title":{"rendered":"INICIACIONES"},"content":{"rendered":"\n<p class=\"has-text-align-center\">1\u00b0 A\u00d1O<\/p>\n\n\n\n<div class=\"wp-block-group is-layout-constrained\"><div class=\"wp-block-group__inner-container\">\n<figure class=\"wp-block-table\"><table><tbody><tr><td class=\"has-text-align-center\" data-align=\"center\">TALLER DE INICIACI\u00d3N INSTRUMENTAL I<br>(INSTRUMENTO)<br>1 m\u00f3dulo<\/td><td class=\"has-text-align-center\" data-align=\"center\">TALLER DE INICIACI\u00d3N MUSICAL I<br>(LENGUAJE MUSICAL)<br>3 m\u00f3dulos<\/td><\/tr><\/tbody><\/table><\/figure>\n<\/div><\/div>\n\n\n\n<p class=\"has-text-align-center\">2\u00b0 A\u00f1o<\/p>\n\n\n\n<div class=\"wp-block-group is-layout-constrained\"><div class=\"wp-block-group__inner-container\">\n<figure class=\"wp-block-table\"><table><tbody><tr><td class=\"has-text-align-center\" data-align=\"center\">TALLER DE INICIACI\u00d3N INSTRUMENTAL II<br>(INSTRUMENTO)<br>1 m\u00f3dulo<\/td><td class=\"has-text-align-center\" data-align=\"center\">TALLER DE INICIACI\u00d3N MUSICAL II<br>(LENGUAJE MUSICAL)<br>3 m\u00f3dulos<\/td><\/tr><\/tbody><\/table><\/figure>\n<\/div><\/div>\n\n\n\n<iframe loading=\"lazy\" src=\"https:\/\/drive.google.com\/file\/d\/1fJ2blCObNI8ru_3dysIWCcKNUOXCxFLi\/preview\" width=\"900\" height=\"500\" allow=\"autoplay\"><\/iframe>\n\n\n\n<p class=\"has-text-align-center\">3\u00b0 A\u00f1o<\/p>\n\n\n\n<div class=\"wp-block-group is-layout-constrained\"><div class=\"wp-block-group__inner-container\">\n<figure class=\"wp-block-table\"><table><tbody><tr><td class=\"has-text-align-center\" data-align=\"center\">TALLER DE INICIACI\u00d3N INSTRUMENTAL III<br>(INSTRUMENTO)<br>1 m\u00f3dulo<\/td><td class=\"has-text-align-center\" data-align=\"center\">TALLER DE INICIACI\u00d3N MUSICAL III<br>(LENGUAJE MUSICAL)<br>3 m\u00f3dulos<\/td><\/tr><\/tbody><\/table><\/figure>\n<\/div><\/div>\n\n\n\n<iframe loading=\"lazy\" src=\"https:\/\/drive.google.com\/file\/d\/1WIBiDVxF3vBlNuvsDggvEET7xyP4bIkh\/preview\" width=\"900\" height=\"500\" allow=\"autoplay\"><\/iframe>\n\n\n\n<p class=\"has-text-align-center\"><\/p>\n\n\n\n<p class=\"has-text-align-center\"><strong>Qu\u00e9 instrumentos puedo elegir?<br><\/strong>Viol\u00edn<br>Violonchelo<br>Contrabajo<br>Percusi\u00f3n<br>Clarinete<br>Saxof\u00f3n<br>Flauta Traversa<br>Piano<br>Guitarra<\/p>\n\n\n\n<p><\/p>\n","protected":false},"excerpt":{"rendered":"<p>1\u00b0 A\u00d1O TALLER DE INICIACI\u00d3N INSTRUMENTAL I(INSTRUMENTO)1 m\u00f3dulo TALLER DE INICIACI\u00d3N MUSICAL I(LENGUAJE MUSICAL)3 m\u00f3dulos 2\u00b0 A\u00f1o TALLER DE INICIACI\u00d3N INSTRUMENTAL II(INSTRUMENTO)1 m\u00f3dulo TALLER DE INICIACI\u00d3N MUSICAL II(LENGUAJE MUSICAL)3 m\u00f3dulos 3\u00b0 A\u00f1o TALLER DE INICIACI\u00d3N INSTRUMENTAL III(INSTRUMENTO)1 m\u00f3dulo TALLER DE INICIACI\u00d3N MUSICAL III(LENGUAJE MUSICAL)3 m\u00f3dulos Qu\u00e9 instrumentos puedo elegir?Viol\u00ednVioloncheloContrabajoPercusi\u00f3nClarineteSaxof\u00f3nFlauta TraversaPianoGuitarra<\/p>\n","protected":false},"author":321,"featured_media":0,"parent":0,"menu_order":0,"comment_status":"closed","ping_status":"closed","template":"","meta":[],"acf":[],"_links":{"self":[{"href":"https:\/\/cml-bue.infd.edu.ar\/sitio\/wp-json\/wp\/v2\/pages\/1401"}],"collection":[{"href":"https:\/\/cml-bue.infd.edu.ar\/sitio\/wp-json\/wp\/v2\/pages"}],"about":[{"href":"https:\/\/cml-bue.infd.edu.ar\/sitio\/wp-json\/wp\/v2\/types\/page"}],"author":[{"embeddable":true,"href":"https:\/\/cml-bue.infd.edu.ar\/sitio\/wp-json\/wp\/v2\/users\/321"}],"replies":[{"embeddable":true,"href":"https:\/\/cml-bue.infd.edu.ar\/sitio\/wp-json\/wp\/v2\/comments?post=1401"}],"version-history":[{"count":22,"href":"https:\/\/cml-bue.infd.edu.ar\/sitio\/wp-json\/wp\/v2\/pages\/1401\/revisions"}],"predecessor-version":[{"id":3298,"href":"https:\/\/cml-bue.infd.edu.ar\/sitio\/wp-json\/wp\/v2\/pages\/1401\/revisions\/3298"}],"wp:attachment":[{"href":"https:\/\/cml-bue.infd.edu.ar\/sitio\/wp-json\/wp\/v2\/media?parent=1401"}],"curies":[{"name":"wp","href":"https:\/\/api.w.org\/{rel}","templated":true}]}}