{"id":1816,"date":"2024-04-23T20:09:00","date_gmt":"2024-04-23T23:09:00","guid":{"rendered":"https:\/\/cml-bue.infd.edu.ar\/sitio\/?page_id=1816"},"modified":"2026-03-18T18:48:14","modified_gmt":"2026-03-18T21:48:14","slug":"clases-virtuales","status":"publish","type":"page","link":"https:\/\/cml-bue.infd.edu.ar\/sitio\/clases-virtuales\/","title":{"rendered":"CLASES ONLINE"},"content":{"rendered":"\n<p><\/p>\n\n\n\n<p><strong>FORMACION BASICA  (FOBA)<\/strong><\/p>\n\n\n\n<figure class=\"wp-block-table\"><table><tbody><tr><td class=\"has-text-align-center\" data-align=\"center\"><strong>A\u00d1O<\/strong><\/td><td class=\"has-text-align-center\" data-align=\"center\"><strong>C\u00c1TEDRA<\/strong>&nbsp;\u2013&nbsp;<strong>PROFESOR\/A<\/strong><\/td><td><strong>ENLACE<\/strong><\/td><\/tr><tr><td class=\"has-text-align-center\" data-align=\"center\">I<\/td><td class=\"has-text-align-center\" data-align=\"center\">LENGUAJE MUSICAL 1C VIRTUAL &#8211; (ALDABE)<\/td><td><a href=\"https:\/\/meet.google.com\/mia-vdoq-tnc\" target=\"_blank\" rel=\"noreferrer noopener\">https:\/\/meet.google.com\/mia-vdoq-tnc<\/a><\/td><\/tr><\/tbody><\/table><\/figure>\n\n\n\n<p><\/p>\n\n\n\n<div class=\"wp-block-columns is-layout-flex wp-container-2\">\n<div class=\"wp-block-column is-layout-flow\" style=\"flex-basis:100%\">\n<p><strong>PROFESORADO DE EDUCACI\u00d3N MUSICAL (PEM)<\/strong><\/p>\n\n\n\n<figure class=\"wp-block-table\"><table><tbody><tr><td class=\"has-text-align-center\" data-align=\"center\"><strong>A\u00d1O<\/strong><\/td><td class=\"has-text-align-center\" data-align=\"center\"><strong>C\u00c1TEDRA<\/strong> &#8211; <strong>PROFESOR\/A<\/strong><\/td><td class=\"has-text-align-center\" data-align=\"center\"><strong>ENLACE<\/strong><\/td><\/tr><tr><td class=\"has-text-align-center\" data-align=\"center\">I<\/td><td class=\"has-text-align-center\" data-align=\"center\">HOSTORIA SOCIAL GENERAL (VILLAVERDE)<\/td><td class=\"has-text-align-center\" data-align=\"center\"><a href=\"https:\/\/meet.google.com\/sqp-exiw-baz\" data-type=\"URL\" data-id=\"https:\/\/meet.google.com\/sqp-exiw-baz\">https:\/\/meet.google.com\/sqp-exiw-baz<\/a><\/td><\/tr><tr><td class=\"has-text-align-center\" data-align=\"center\">II<\/td><td class=\"has-text-align-center\" data-align=\"center\">DID\u00c1CTICA GENERAL (GRASSI)<\/td><td class=\"has-text-align-center\" data-align=\"center\"><a href=\"https:\/\/meet.google.com\/msv-gsfi-kjx\">https:\/\/meet.google.com\/msv-gsfi-kjx<\/a><\/td><\/tr><tr><td class=\"has-text-align-center\" data-align=\"center\">II<\/td><td class=\"has-text-align-center\" data-align=\"center\">PRODUCCI\u00d3N Y AN\u00c1LISIS II (COVACEVICH)<\/td><td class=\"has-text-align-center\" data-align=\"center\"><a href=\"https:\/\/meet.google.com\/wxz-mdmx-yjc\">https:\/\/meet.google.com\/wxz-mdmx-yjc<\/a><\/td><\/tr><tr><td class=\"has-text-align-center\" data-align=\"center\">III<\/td><td class=\"has-text-align-center\" data-align=\"center\">EDI TALLER DE FOLKLORE (MARTINO)<\/td><td class=\"has-text-align-center\" data-align=\"center\"><a href=\"http:\/\/meet.google.com\/ggo-uepd-qcy\">http:\/\/meet.google.com\/ggo-uepd-qcy<\/a><\/td><\/tr><tr><td class=\"has-text-align-center\" data-align=\"center\">III<\/td><td class=\"has-text-align-center\" data-align=\"center\">HISTORIA DE LA M\u00daSICA II (SINDE)<\/td><td class=\"has-text-align-center\" data-align=\"center\"><a href=\"https:\/\/meet.google.com\/hcd-hxdd-apw\">https:\/\/meet.google.com\/hcd-hxdd-apw<\/a><\/td><\/tr><tr><td class=\"has-text-align-center\" data-align=\"center\">IV<\/td><td class=\"has-text-align-center\" data-align=\"center\">HISTORIA DE LA M\u00daSICA III (ROSELLO)<\/td><td class=\"has-text-align-center\" data-align=\"center\"><a href=\"https:\/\/meet.google.com\/gjx-dgde-xwo\">https:\/\/meet.google.com\/gjx-dgde-xwo<\/a><\/td><\/tr><tr><td class=\"has-text-align-center\" data-align=\"center\">IV<\/td><td class=\"has-text-align-center\" data-align=\"center\">METODOLOG\u00cdA DE LA INVESTIGACI\u00d3N (RILLO C.)<\/td><td class=\"has-text-align-center\" data-align=\"center\"><a href=\"https:\/\/meet.google.com\/xoj-vmmk-yjg\">https:\/\/meet.google.com\/xoj-vmmk-yjg<\/a><\/td><\/tr><\/tbody><\/table><\/figure>\n<\/div>\n<\/div>\n\n\n\n<p><strong>PROFESORADO EN M\u00daSICA ORIENTACI\u00d3N INSTRUMENTO (POI)<\/strong><\/p>\n\n\n\n<figure class=\"wp-block-table\"><table><tbody><tr><td class=\"has-text-align-center\" data-align=\"center\"><strong>A\u00d1O<\/strong><\/td><td class=\"has-text-align-center\" data-align=\"center\"><strong>C\u00c1TEDRA<\/strong> &#8211; <strong>PROFESOR\/A<\/strong><\/td><td class=\"has-text-align-center\" data-align=\"center\"><strong>ENLACE<\/strong><\/td><\/tr><tr><td class=\"has-text-align-center\" data-align=\"center\">I<\/td><td class=\"has-text-align-center\" data-align=\"center\">PSICOLOG\u00cdA Y CULTURA EN LA EDUCACI\u00d3N (GRASSI) <\/td><td class=\"has-text-align-center\" data-align=\"center\"><a href=\"https:\/\/meet.google.com\/msv-gsfi-kjx\">https:\/\/meet.google.com\/msv-gsfi-kjx<\/a><\/td><\/tr><tr><td class=\"has-text-align-center\" data-align=\"center\">I<\/td><td class=\"has-text-align-center\" data-align=\"center\">PERSPECTIVA FILOS\u00d3FICO &#8211; PEDAG\u00d3GICA I (GRASSI)<\/td><td class=\"has-text-align-center\" data-align=\"center\"><a href=\"https:\/\/meet.google.com\/msv-gsfi-kjx\">https:\/\/meet.google.com\/msv-gsfi-kjx<\/a><\/td><\/tr><tr><td class=\"has-text-align-center\" data-align=\"center\">I<\/td><td class=\"has-text-align-center\" data-align=\"center\">ELEMENTOS T\u00c9CNICOS DE LA M\u00daSICA I (ALONSO)<\/td><td class=\"has-text-align-center\" data-align=\"center\"><a href=\"https:\/\/meet.google.com\/ktd-khgx-jzy?pli=1\" data-type=\"URL\" data-id=\"https:\/\/meet.google.com\/ktd-khgx-jzy?pli=1\">https:\/\/meet.google.com\/ktd-khgx-jzy?pli=1<\/a><\/td><\/tr><tr><td class=\"has-text-align-center\" data-align=\"center\">II<\/td><td class=\"has-text-align-center\" data-align=\"center\">HISTORIA DE LA M\u00daSICA II (RILLO C.)<\/td><td class=\"has-text-align-center\" data-align=\"center\"><a href=\"https:\/\/meet.google.com\/xoj-vmmk-yjg\">https:\/\/meet.google.com\/xoj-vmmk-yjg<\/a><\/td><\/tr><tr><td class=\"has-text-align-center\" data-align=\"center\">II<\/td><td class=\"has-text-align-center\" data-align=\"center\">PERSPECTIVA FILOS\u00d3FICO &#8211; PEDAG\u00d3GICA II (GRASSI)<\/td><td class=\"has-text-align-center\" data-align=\"center\"><a href=\"https:\/\/meet.google.com\/msv-gsfi-kjx\">https:\/\/meet.google.com\/msv-gsfi-kjx<\/a><\/td><\/tr><tr><td class=\"has-text-align-center\" data-align=\"center\">II<\/td><td class=\"has-text-align-center\" data-align=\"center\">ELEMENTOS T\u00c9CNICOS DE LA M\u00daSICA II (ALONSO)<\/td><td class=\"has-text-align-center\" data-align=\"center\"><a href=\"https:\/\/meet.google.com\/ktd-khgx-jzy?pli=1\" data-type=\"URL\" data-id=\"https:\/\/meet.google.com\/ktd-khgx-jzy?pli=1\">https:\/\/meet.google.com\/ktd-khgx-jzy?pli=1<\/a><\/td><\/tr><tr><td class=\"has-text-align-center\" data-align=\"center\">III<\/td><td class=\"has-text-align-center\" data-align=\"center\">PSICOLOG\u00cdA Y CULTURA EN LA ADOLESCENCIA Y LA ADULTEZ (GRASSI)<\/td><td class=\"has-text-align-center\" data-align=\"center\"><a href=\"https:\/\/meet.google.com\/msv-gsfi-kjx\">https:\/\/meet.google.com\/msv-gsfi-kjx<\/a><\/td><\/tr><tr><td class=\"has-text-align-center\" data-align=\"center\">III<\/td><td class=\"has-text-align-center\" data-align=\"center\">EDI FOLKLORE (MARTINO)<\/td><td class=\"has-text-align-center\" data-align=\"center\"><a href=\"http:\/\/meet.google.com\/ggo-uepd-qcy\">http:\/\/meet.google.com\/ggo-uepd-qcy<\/a><\/td><\/tr><tr><td class=\"has-text-align-center\" data-align=\"center\">III<\/td><td class=\"has-text-align-center\" data-align=\"center\">ELEMENTOS T\u00c9CNICOS DE LA M\u00daSICA III (ALONSO)<\/td><td class=\"has-text-align-center\" data-align=\"center\"><a href=\"https:\/\/meet.google.com\/ktd-khgx-jzy?pli=1\" data-type=\"URL\" data-id=\"https:\/\/meet.google.com\/ktd-khgx-jzy?pli=1\">https:\/\/meet.google.com\/ktd-khgx-jzy?pli=1<\/a><\/td><\/tr><tr><td class=\"has-text-align-center\" data-align=\"center\">IV<\/td><td class=\"has-text-align-center\" data-align=\"center\">HISTORIA ARGENTINA Y LATINOAMERICANA (RILLO C.)<\/td><td class=\"has-text-align-center\" data-align=\"center\"><a href=\"https:\/\/meet.google.com\/xoj-vmmk-yjg\">https:\/\/meet.google.com\/xoj-vmmk-yjg<\/a><\/td><\/tr><tr><td class=\"has-text-align-center\" data-align=\"center\">IV<\/td><td class=\"has-text-align-center\" data-align=\"center\">LITERATURA (CASTILLO)<\/td><td class=\"has-text-align-center\" data-align=\"center\"><a href=\"https:\/\/meet.google.com\/gxo-dmrb-csa\">https:\/\/meet.google.com\/gxo-dmrb-csa<\/a><\/td><\/tr><tr><td class=\"has-text-align-center\" data-align=\"center\">IV<\/td><td class=\"has-text-align-center\" data-align=\"center\">ELEMENTOS T\u00c9CNICOS DE LA M\u00daSICA III (ALONSO)<\/td><td class=\"has-text-align-center\" data-align=\"center\"><a href=\"https:\/\/meet.google.com\/ktd-khgx-jzy?pli=1\" data-type=\"URL\" data-id=\"https:\/\/meet.google.com\/ktd-khgx-jzy?pli=1\">https:\/\/meet.google.com\/ktd-khgx-jzy?pli=1<\/a><\/td><\/tr><\/tbody><\/table><\/figure>\n\n\n\n<p><strong>TECNICATURA EN<\/strong> <strong>INSTRUMENTO<\/strong><\/p>\n\n\n\n<div class=\"wp-block-columns is-layout-flex wp-container-8\">\n<div class=\"wp-block-column is-layout-flow\" style=\"flex-basis:100%\">\n<div class=\"wp-block-columns is-layout-flex wp-container-6\">\n<div class=\"wp-block-column is-layout-flow\" style=\"flex-basis:100%\">\n<div class=\"wp-block-columns is-layout-flex wp-container-4\">\n<div class=\"wp-block-column is-layout-flow\" style=\"flex-basis:100%\">\n<figure class=\"wp-block-table\"><table><tbody><tr><td class=\"has-text-align-center\" data-align=\"center\"><strong>A\u00d1O<\/strong><\/td><td class=\"has-text-align-center\" data-align=\"center\"><strong>C\u00c1TEDRA<\/strong> &#8211; <strong>PROFESOR\/A<\/strong><\/td><td class=\"has-text-align-center\" data-align=\"center\"><strong>ENLACE<\/strong><\/td><\/tr><tr><td class=\"has-text-align-center\" data-align=\"center\">I<\/td><td class=\"has-text-align-center\" data-align=\"center\">ELEMENTOS T\u00c9CNICOS DE LA M\u00daSICA I (ALONSO)<\/td><td class=\"has-text-align-center\" data-align=\"center\"><a href=\"https:\/\/meet.google.com\/ktd-khgx-jzy?pli=1\" data-type=\"URL\" data-id=\"https:\/\/meet.google.com\/ktd-khgx-jzy?pli=1\">https:\/\/meet.google.com\/ktd-khgx-jzy?pli=1<\/a><\/td><\/tr><tr><td class=\"has-text-align-center\" data-align=\"center\">II<\/td><td class=\"has-text-align-center\" data-align=\"center\">HISTORIA DE LA M\u00daSICA II (RILLO C.)<\/td><td class=\"has-text-align-center\" data-align=\"center\"><a href=\"https:\/\/meet.google.com\/xoj-vmmk-yjg\">https:\/\/meet.google.com\/xoj-vmmk-yjg<\/a><\/td><\/tr><tr><td class=\"has-text-align-center\" data-align=\"center\">II<\/td><td class=\"has-text-align-center\" data-align=\"center\">ELEMENTOS T\u00c9CNICOS DE LA M\u00daSICA II (ALONSO)<\/td><td class=\"has-text-align-center\" data-align=\"center\"><a href=\"https:\/\/meet.google.com\/ktd-khgx-jzy?pli=1\" data-type=\"URL\" data-id=\"https:\/\/meet.google.com\/ktd-khgx-jzy?pli=1\">https:\/\/meet.google.com\/ktd-khgx-jzy?pli=1<\/a><\/td><\/tr><tr><td class=\"has-text-align-center\" data-align=\"center\">III<\/td><td class=\"has-text-align-center\" data-align=\"center\">EDI TALLER DE FOLKLORE (MARTINO)<\/td><td class=\"has-text-align-center\" data-align=\"center\"><a href=\"http:\/\/meet.google.com\/ggo-uepd-qcy\">http:\/\/meet.google.com\/ggo-uepd-qcy<\/a><\/td><\/tr><tr><td class=\"has-text-align-center\" data-align=\"center\">III<\/td><td class=\"has-text-align-center\" data-align=\"center\">ELEMENTOS T\u00c9CNICOS DE LA M\u00daSICA III (ALONSO)<\/td><td class=\"has-text-align-center\" data-align=\"center\"><a href=\"https:\/\/meet.google.com\/ktd-khgx-jzy?pli=1\" data-type=\"URL\" data-id=\"https:\/\/meet.google.com\/ktd-khgx-jzy?pli=1\">https:\/\/meet.google.com\/ktd-khgx-jzy?pli=1<\/a><\/td><\/tr><tr><td class=\"has-text-align-center\" data-align=\"center\">IV<\/td><td class=\"has-text-align-center\" data-align=\"center\">HISTORIA ARGENTINA Y LATINOAMERICANA (RILLO C.)<\/td><td class=\"has-text-align-center\" data-align=\"center\"><a href=\"https:\/\/meet.google.com\/xoj-vmmk-yjg\">https:\/\/meet.google.com\/xoj-vmmk-yjg<\/a><\/td><\/tr><tr><td class=\"has-text-align-center\" data-align=\"center\">IV<\/td><td class=\"has-text-align-center\" data-align=\"center\">LITERATURA (CASTILLO)<\/td><td class=\"has-text-align-center\" data-align=\"center\"><a href=\"https:\/\/meet.google.com\/gxo-dmrb-csa\">https:\/\/meet.google.com\/gxo-dmrb-csa<\/a><\/td><\/tr><tr><td class=\"has-text-align-center\" data-align=\"center\">IV<\/td><td class=\"has-text-align-center\" data-align=\"center\">ELEMENTOS T\u00c9CNICOS DE LA M\u00daSICA IV (ALONSO)<\/td><td class=\"has-text-align-center\" data-align=\"center\"><a href=\"https:\/\/meet.google.com\/ktd-khgx-jzy?pli=1\" data-type=\"URL\" data-id=\"https:\/\/meet.google.com\/ktd-khgx-jzy?pli=1\">https:\/\/meet.google.com\/ktd-khgx-jzy?pli=1<\/a><\/td><\/tr><\/tbody><\/table><\/figure>\n<\/div>\n<\/div>\n\n\n\n<p><strong>TECNICATURA EN CAPACITACI\u00d3N VOCAL<\/strong><\/p>\n<\/div>\n<\/div>\n\n\n\n<figure class=\"wp-block-table\"><table><tbody><tr><td class=\"has-text-align-center\" data-align=\"center\"><strong>A\u00d1O<\/strong><\/td><td class=\"has-text-align-center\" data-align=\"center\"><strong>C\u00c1TEDRA &#8211; PROFESOR\/A<\/strong><\/td><td class=\"has-text-align-center\" data-align=\"center\"><strong>ENLACE<\/strong><\/td><\/tr><tr><td class=\"has-text-align-center\" data-align=\"center\">I<\/td><td class=\"has-text-align-center\" data-align=\"center\">ELEMENTOS T\u00c9CNICOS DE LA M\u00daSICA I (ALONSO)<\/td><td class=\"has-text-align-center\" data-align=\"center\"><a href=\"https:\/\/meet.google.com\/ktd-khgx-jzy?pli=1\" data-type=\"URL\" data-id=\"https:\/\/meet.google.com\/ktd-khgx-jzy?pli=1\">https:\/\/meet.google.com\/ktd-khgx-jzy?pli=1<\/a><\/td><\/tr><tr><td class=\"has-text-align-center\" data-align=\"center\">II<\/td><td class=\"has-text-align-center\" data-align=\"center\">HISTORIA DE LA M\u00daSCIA II (RILLO C.)<\/td><td class=\"has-text-align-center\" data-align=\"center\"><a href=\"https:\/\/meet.google.com\/xoj-vmmk-yjg\">https:\/\/meet.google.com\/xoj-vmmk-yjg<\/a><\/td><\/tr><tr><td class=\"has-text-align-center\" data-align=\"center\">III<\/td><td class=\"has-text-align-center\" data-align=\"center\">EDI TALLER FOLKLORE (MARTINO)<\/td><td class=\"has-text-align-center\" data-align=\"center\"><a href=\"http:\/\/meet.google.com\/ggo-uepd-qcy\">http:\/\/meet.google.com\/ggo-uepd-qcy<\/a><\/td><\/tr><tr><td class=\"has-text-align-center\" data-align=\"center\">III<\/td><td class=\"has-text-align-center\" data-align=\"center\">ELEMENTOS T\u00c9CNICOS DEL G\u00c9NERO II (MARTINO)<\/td><td class=\"has-text-align-center\" data-align=\"center\"><a href=\"http:\/\/meet.google.com\/ggo-uepd-qcy\">http:\/\/meet.google.com\/ggo-uepd-qcy<\/a><\/td><\/tr><tr><td class=\"has-text-align-center\" data-align=\"center\">III<\/td><td class=\"has-text-align-center\" data-align=\"center\">MUSICA LATINOAMERICANA I (SINDE)<\/td><td class=\"has-text-align-center\" data-align=\"center\"><a href=\"https:\/\/meet.google.com\/hcd-hxdd-apw\">https:\/\/meet.google.com\/hcd-hxdd-apw<\/a><\/td><\/tr><tr><td class=\"has-text-align-center\" data-align=\"center\">IV<\/td><td class=\"has-text-align-center\" data-align=\"center\">PR\u00c1CTICA DE CONJUNTO DEL G\u00c9NERO II (MARTINO)<\/td><td class=\"has-text-align-center\" data-align=\"center\"><a href=\"http:\/\/meet.google.com\/ggo-uepd-qcy\">http:\/\/meet.google.com\/ggo-uepd-qcy<\/a><\/td><\/tr><tr><td class=\"has-text-align-center\" data-align=\"center\">IV<\/td><td class=\"has-text-align-center\" data-align=\"center\">M\u00daSICA LATINOAMERICANA II (SINDE)<\/td><td class=\"has-text-align-center\" data-align=\"center\"><a href=\"https:\/\/meet.google.com\/hcd-hxdd-apw\">https:\/\/meet.google.com\/hcd-hxdd-apw<\/a><\/td><\/tr><\/tbody><\/table><\/figure>\n\n\n\n<p><\/p>\n\n\n\n<p class=\"has-text-align-center\">EQUIPO DE CONDUCCI\u00d3N<br>CONSERVATORIO DE M\u00daSICA LINCOLN \u201cALDO A QUADRACCIA\u201d<\/p>\n<\/div>\n<\/div>\n","protected":false},"excerpt":{"rendered":"<p>FORMACION BASICA (FOBA) A\u00d1O C\u00c1TEDRA&nbsp;\u2013&nbsp;PROFESOR\/A ENLACE I LENGUAJE MUSICAL 1C VIRTUAL &#8211; (ALDABE) https:\/\/meet.google.com\/mia-vdoq-tnc PROFESORADO DE EDUCACI\u00d3N MUSICAL (PEM) A\u00d1O C\u00c1TEDRA &#8211; PROFESOR\/A ENLACE I HOSTORIA SOCIAL GENERAL (VILLAVERDE) https:\/\/meet.google.com\/sqp-exiw-baz II DID\u00c1CTICA GENERAL (GRASSI) https:\/\/meet.google.com\/msv-gsfi-kjx II PRODUCCI\u00d3N Y AN\u00c1LISIS II (COVACEVICH) https:\/\/meet.google.com\/wxz-mdmx-yjc III EDI TALLER DE FOLKLORE (MARTINO) http:\/\/meet.google.com\/ggo-uepd-qcy III HISTORIA DE LA M\u00daSICA II &#8230; <a title=\"CLASES ONLINE\" class=\"read-more\" href=\"https:\/\/cml-bue.infd.edu.ar\/sitio\/clases-virtuales\/\" aria-label=\"More on CLASES ONLINE\">[+]<\/a><\/p>\n","protected":false},"author":321,"featured_media":0,"parent":0,"menu_order":0,"comment_status":"closed","ping_status":"closed","template":"","meta":[],"acf":[],"_links":{"self":[{"href":"https:\/\/cml-bue.infd.edu.ar\/sitio\/wp-json\/wp\/v2\/pages\/1816"}],"collection":[{"href":"https:\/\/cml-bue.infd.edu.ar\/sitio\/wp-json\/wp\/v2\/pages"}],"about":[{"href":"https:\/\/cml-bue.infd.edu.ar\/sitio\/wp-json\/wp\/v2\/types\/page"}],"author":[{"embeddable":true,"href":"https:\/\/cml-bue.infd.edu.ar\/sitio\/wp-json\/wp\/v2\/users\/321"}],"replies":[{"embeddable":true,"href":"https:\/\/cml-bue.infd.edu.ar\/sitio\/wp-json\/wp\/v2\/comments?post=1816"}],"version-history":[{"count":45,"href":"https:\/\/cml-bue.infd.edu.ar\/sitio\/wp-json\/wp\/v2\/pages\/1816\/revisions"}],"predecessor-version":[{"id":3403,"href":"https:\/\/cml-bue.infd.edu.ar\/sitio\/wp-json\/wp\/v2\/pages\/1816\/revisions\/3403"}],"wp:attachment":[{"href":"https:\/\/cml-bue.infd.edu.ar\/sitio\/wp-json\/wp\/v2\/media?parent=1816"}],"curies":[{"name":"wp","href":"https:\/\/api.w.org\/{rel}","templated":true}]}}