{"id":3292,"date":"2026-02-20T12:27:03","date_gmt":"2026-02-20T15:27:03","guid":{"rendered":"https:\/\/cml-bue.infd.edu.ar\/sitio\/?page_id=3292"},"modified":"2026-04-17T12:56:41","modified_gmt":"2026-04-17T15:56:41","slug":"r-a-i","status":"publish","type":"page","link":"https:\/\/cml-bue.infd.edu.ar\/sitio\/r-a-i\/","title":{"rendered":"R.A.I."},"content":{"rendered":"\n<ul>\n<li><a rel=\"noreferrer noopener\" href=\"https:\/\/drive.google.com\/file\/d\/1b_GjVIfLFSpoiFHbPNyNx50lkpQXtCMB\/view?usp=sharing\" data-type=\"URL\" data-id=\"https:\/\/drive.google.com\/file\/d\/1b_GjVIfLFSpoiFHbPNyNx50lkpQXtCMB\/view?usp=sharing\" target=\"_blank\">ANEXO 1 &#8211; REGIMEN ACADEMICO INSTITUCIONAL 2026.pdf<\/a><\/li>\n\n\n\n<li><a rel=\"noreferrer noopener\" href=\"https:\/\/drive.google.com\/file\/d\/1n4BiyVTz_wUkFHaIbKZfOmIjyLx53oQf\/view?usp=sharing\" data-type=\"URL\" data-id=\"https:\/\/drive.google.com\/file\/d\/1n4BiyVTz_wUkFHaIbKZfOmIjyLx53oQf\/view?usp=sharing\" target=\"_blank\">ANEXO 2 &#8211; ALUMNO ITINERANTE.pdf<\/a><\/li>\n\n\n\n<li><a rel=\"noreferrer noopener\" href=\"https:\/\/drive.google.com\/file\/d\/18uUX12nLuDxxA3gv08FGa0fN4dnxTG6q\/view?usp=sharing\" data-type=\"URL\" data-id=\"https:\/\/drive.google.com\/file\/d\/18uUX12nLuDxxA3gv08FGa0fN4dnxTG6q\/view?usp=sharing\" target=\"_blank\">ANEXO 3 &#8211; PPC RAI conservatorio Quadraccia.pdf<\/a><\/li>\n\n\n\n<li><a rel=\"noreferrer noopener\" href=\"https:\/\/drive.google.com\/file\/d\/1namxGYihIxnGVc2Yeruevm7WjbFMYMgD\/view?usp=sharing\" data-type=\"URL\" data-id=\"https:\/\/drive.google.com\/file\/d\/1namxGYihIxnGVc2Yeruevm7WjbFMYMgD\/view?usp=sharing\" target=\"_blank\">ANEXO 4.1 &#8211; ESTRUCTURA CURRICULAR Y FORMAS DE ACREDITACI\u00d3N TENTATIVA RAI PEM.pdf<\/a><\/li>\n\n\n\n<li><a rel=\"noreferrer noopener\" href=\"https:\/\/drive.google.com\/file\/d\/1SM0dv0tHTggiryxRgT33OrtdGbuxcRMN\/view?usp=sharing\" data-type=\"URL\" data-id=\"https:\/\/drive.google.com\/file\/d\/1SM0dv0tHTggiryxRgT33OrtdGbuxcRMN\/view?usp=sharing\" target=\"_blank\">ANEXO 4.2 &#8211; ESTRUCTURA CURRICULAR Y FORMAS DE ACREDITACI\u00d3N TENTATIVA RAI POI.pdf<\/a><\/li>\n\n\n\n<li><a rel=\"noreferrer noopener\" href=\"https:\/\/drive.google.com\/file\/d\/1G7S0vUQxHEGI6MEw8to-tC5G5XEq4LYM\/view?usp=sharing\" data-type=\"URL\" data-id=\"https:\/\/drive.google.com\/file\/d\/1G7S0vUQxHEGI6MEw8to-tC5G5XEq4LYM\/view?usp=sharing\" target=\"_blank\">ANEXO 4.3 &#8211; ESTRUCTURA CURRICULAR Y FORMAS DE ACREDITACI\u00d3N TENTATIVA RAI TEC.pdf<\/a><\/li>\n\n\n\n<li><a rel=\"noreferrer noopener\" href=\"https:\/\/drive.google.com\/file\/d\/1GMZoRPgt6P9CSxsM_oXfPn_aicwZdqdi\/view?usp=sharing\" data-type=\"URL\" data-id=\"https:\/\/drive.google.com\/file\/d\/1GMZoRPgt6P9CSxsM_oXfPn_aicwZdqdi\/view?usp=sharing\" target=\"_blank\">ANEXO 4.4 &#8211; ESTRUCTURA CURRICULAR Y FORMAS DE ACREDITACI\u00d3N TENTATIVA RAI TEC CANTO.pdf<\/a><\/li>\n\n\n\n<li><a rel=\"noreferrer noopener\" href=\"https:\/\/drive.google.com\/file\/d\/1b6-_tPksu5mOc43Vo8T4OLeTtgUyqqfM\/view?usp=sharing\" data-type=\"URL\" data-id=\"https:\/\/drive.google.com\/file\/d\/1b6-_tPksu5mOc43Vo8T4OLeTtgUyqqfM\/view?usp=sharing\" target=\"_blank\">ANEXO 5 &#8211; PLAN DE EVALUACI\u00d3N FORMACI\u00d3N BASICA Y CICLOS PROPED\u00c9UTICOS.pdf<\/a><\/li>\n\n\n\n<li><a rel=\"noreferrer noopener\" href=\"https:\/\/drive.google.com\/file\/d\/17lmU86sE41wnREZ3pKGKOmHPod2hfD6I\/view?usp=sharing\" data-type=\"URL\" data-id=\"https:\/\/drive.google.com\/file\/d\/17lmU86sE41wnREZ3pKGKOmHPod2hfD6I\/view?usp=sharing\" target=\"_blank\">ANEXO 6 &#8211; Gu\u00eda sobre el Uso \u00c9tico y Responsable de la Inteligencia Artificial.pdf<\/a><\/li>\n\n\n\n<li><a rel=\"noreferrer noopener\" href=\"https:\/\/drive.google.com\/file\/d\/1qaHHiBoOB5F1K5Q_-L7PzNjfa9qnYFcu\/view?usp=sharing\" data-type=\"URL\" data-id=\"https:\/\/drive.google.com\/file\/d\/1qaHHiBoOB5F1K5Q_-L7PzNjfa9qnYFcu\/view?usp=sharing\" target=\"_blank\">ANEXO 7 &#8211; PLANILLA DE CALIFICACIONES INSTRUMENTO E INSTRUMENTO ARM\u00d3NICO 2026.pdf<\/a><\/li>\n<\/ul>\n","protected":false},"excerpt":{"rendered":"","protected":false},"author":322,"featured_media":0,"parent":0,"menu_order":0,"comment_status":"closed","ping_status":"closed","template":"","meta":[],"acf":[],"_links":{"self":[{"href":"https:\/\/cml-bue.infd.edu.ar\/sitio\/wp-json\/wp\/v2\/pages\/3292"}],"collection":[{"href":"https:\/\/cml-bue.infd.edu.ar\/sitio\/wp-json\/wp\/v2\/pages"}],"about":[{"href":"https:\/\/cml-bue.infd.edu.ar\/sitio\/wp-json\/wp\/v2\/types\/page"}],"author":[{"embeddable":true,"href":"https:\/\/cml-bue.infd.edu.ar\/sitio\/wp-json\/wp\/v2\/users\/322"}],"replies":[{"embeddable":true,"href":"https:\/\/cml-bue.infd.edu.ar\/sitio\/wp-json\/wp\/v2\/comments?post=3292"}],"version-history":[{"count":2,"href":"https:\/\/cml-bue.infd.edu.ar\/sitio\/wp-json\/wp\/v2\/pages\/3292\/revisions"}],"predecessor-version":[{"id":3561,"href":"https:\/\/cml-bue.infd.edu.ar\/sitio\/wp-json\/wp\/v2\/pages\/3292\/revisions\/3561"}],"wp:attachment":[{"href":"https:\/\/cml-bue.infd.edu.ar\/sitio\/wp-json\/wp\/v2\/media?parent=3292"}],"curies":[{"name":"wp","href":"https:\/\/api.w.org\/{rel}","templated":true}]}}