{"id":3540,"date":"2026-04-16T18:45:44","date_gmt":"2026-04-16T21:45:44","guid":{"rendered":"https:\/\/cml-bue.infd.edu.ar\/sitio\/?page_id=3540"},"modified":"2026-04-16T18:45:46","modified_gmt":"2026-04-16T21:45:46","slug":"correlatividades-poi","status":"publish","type":"page","link":"https:\/\/cml-bue.infd.edu.ar\/sitio\/correlatividades-poi\/","title":{"rendered":"Correlatividades POI"},"content":{"rendered":"\n<p><\/p>\n\n\n\n<h2 class=\"wp-block-heading has-accent-color has-text-color\"><strong>PROFESORADO EN M\u00daSICA (Orientaci\u00f3n INSTRUMENTO)<\/strong><\/h2>\n\n\n\n<h2 class=\"wp-block-heading\">1\u00b0A\u00d1O<\/h2>\n\n\n\n<figure class=\"wp-block-table\"><table><tbody><tr><td><strong>ESPACIO CURRICULAR<\/strong><\/td><td><strong>Requisitos para cursar:<\/strong> &nbsp;<\/td><\/tr><tr><td>Perspectiva Filos\u00f3fico-Pedag\u00f3gica I<\/td><td>Formaci\u00f3n B\u00e1sica completa<\/td><\/tr><tr><td>Perspectiva Pedag\u00f3gico-Did\u00e1ctica I<\/td><td>Formaci\u00f3n B\u00e1sica completa<\/td><\/tr><tr><td>Perspectiva Socio-Pol\u00edtica&nbsp;<\/td><td>Formaci\u00f3n B\u00e1sica completa<\/td><\/tr><tr><td>Psicolog\u00eda y Cultura en la Educaci\u00f3n<\/td><td>Formaci\u00f3n B\u00e1sica completa<\/td><\/tr><tr><td>Instrumento I<\/td><td>Instrumento III &nbsp;(Formaci\u00f3n B\u00e1sica) <br>Lenguaje Musical &nbsp;(Formaci\u00f3n B\u00e1sica)<\/td><\/tr><tr><td>Instrumento arm\u00f3nico<\/td><td>Instrumento arm\u00f3nico (Formaci\u00f3n B\u00e1sica)<\/td><\/tr><tr><td>Conjunto de C\u00e1mara I<\/td><td>Instrumento &nbsp;(Formaci\u00f3n B\u00e1sica) <br>Lenguaje Musical (Formaci\u00f3n B\u00e1sica) <br>Apreciaci\u00f3n Musical II (Formaci\u00f3n B\u00e1sica) <br>Pr\u00e1ctica de Conjunto Vocal e Instrumental II (Formaci\u00f3n B\u00e1sica)<\/td><\/tr><tr><td>Espacio Institucional alternativo I<\/td><td>Instrumento III&nbsp;(Formaci\u00f3n B\u00e1sica)<br>Lenguaje Musical III (Formaci\u00f3n B\u00e1sica)<br>Pr\u00e1ctica de Conjunto Vocal e Instrumental II (Formaci\u00f3n B\u00e1sica)<\/td><\/tr><tr><td>Taller de Trabajo Corporal<\/td><td>&nbsp;<\/td><\/tr><tr><td>Elementos T\u00e9cnicos de la M\u00fasica I<\/td><td>Instrumento arm\u00f3nico (Formaci\u00f3n B\u00e1sica) <br>Lenguaje Musical (Formaci\u00f3n B\u00e1sica) <br>Apreciaci\u00f3n Musical II (Formaci\u00f3n B\u00e1sica)<\/td><\/tr><tr><td>Historia de la M\u00fasica I<\/td><td>Lenguaje Musical &nbsp;(Formaci\u00f3n B\u00e1sica) <br>Apreciaci\u00f3n Musical II (Formaci\u00f3n B\u00e1sica)<\/td><\/tr><tr><td>Espacio de la Pr\u00e1ctica Docente I<\/td><td>Formaci\u00f3n B\u00e1sica completa<\/td><\/tr><\/tbody><\/table><\/figure>\n\n\n\n<p><strong>2\u00b0 A\u00d1O<\/strong><\/p>\n\n\n\n<p>Formaci\u00f3n B\u00e1sica completa<\/p>\n\n\n\n<figure class=\"wp-block-table\"><table><tbody><tr><td><strong>ESPACIO CURRICULAR<\/strong><\/td><td><\/td><\/tr><tr><td>PerspectivaFilos\u00f3fico-Pedag\u00f3gica II<\/td><td>PerspectivaFilos\u00f3fico-Pedag\u00f3gica I<\/td><\/tr><tr><td>Perspectiva Pedag\u00f3gico-Did\u00e1ctica II<\/td><td>Perspectiva Pedag\u00f3gico-Did\u00e1ctica I <br>Espacio de la Pr\u00e1ctica Docente I<\/td><\/tr><tr><td>Psicolog\u00eda y Cultura en la ni\u00f1ez<\/td><td>Psicolog\u00eda y Cultura en la Educaci\u00f3n<\/td><\/tr><tr><td>Instrumento II<\/td><td>Instrumento I <br>Elementos T\u00e9cnicos de la M\u00fasica I <br>Historia de la M\u00fasica I<\/td><\/tr><tr><td>Conjunto de C\u00e1mara II<\/td><td>Conjunto de C\u00e1mara I <br>Instrumento I, <br>Historia de la M\u00fasica I<\/td><\/tr><tr><td>Espacio Institucional Alternativo II<\/td><td>Espacio Institucional Alternativo I, <br>Instrumento I<\/td><\/tr><tr><td>Taller de M\u00fasica Popular<\/td><td>&nbsp;<\/td><\/tr><tr><td>Elementos T\u00e9cnicos de la M\u00fasica II<\/td><td>Elementos T\u00e9cnicos de la M\u00fasica I <br>Historia de la M\u00fasica I Instrumento arm\u00f3nico<\/td><\/tr><tr><td>Historia de la M\u00fasica II<\/td><td>Historia de la M\u00fasica I <br>Elementos T\u00e9cnicos de la M\u00fasica I<\/td><\/tr><tr><td>Espacio de la Pr\u00e1ctica Docente II<\/td><td>1er. a\u00f1o completo<\/td><\/tr><\/tbody><\/table><\/figure>\n\n\n\n<h2 class=\"wp-block-heading\">3\u00b0 A\u00d1O<\/h2>\n\n\n\n<figure class=\"wp-block-table\"><table><tbody><tr><td><strong>ESPACIO CURRICULAR<\/strong><\/td><td><strong>Requisitos para cursar:<\/strong> (Acreditados al comienzo del Ciclo Lectivo o en condiciones de compensar hasta julio-agosto, por ser correlativos)<\/td><\/tr><tr><td>Perspectiva Filos\u00f3fico-Pedag\u00f3gica &#8211; Did\u00e1ctica<\/td><td>Perspectiva Filos\u00f3fico-Pedag\u00f3gica II <br>Perspectiva Pedag\u00f3gico-Did\u00e1ctica II <br>Psicolog\u00eda y Cultura en la ni\u00f1ez<\/td><\/tr><tr><td>Perspectiva Pol\u00edtico-Institucional<\/td><td>Perspectiva Socio-pol\u00edtica<\/td><\/tr><tr><td>Psicolog\u00eda y Cultura en la juventud y adultez&nbsp;<\/td><td>Psicolog\u00eda y Cultura en la ni\u00f1ez<\/td><\/tr><tr><td>Instrumento III<\/td><td>Instrumento II Conjunto de C\u00e1mara I <br>Elementos T\u00e9cnicos de la M\u00fasica II <br>Historia de la M\u00fasica II <br>Taller de Trabajo Corporal<\/td><\/tr><tr><td>Conjunto de C\u00e1mara<\/td><td>Conjunto de C\u00e1mara II <br>Instrumento II <br>Elementos T\u00e9cnicos de la M\u00fasica II <br>Historia de la M\u00fasica II<\/td><\/tr><tr><td>Ac\u00fastica<\/td><td>&nbsp;<\/td><\/tr><tr><td>T\u00e9cnicas de Improvisaci\u00f3n<\/td><td>Instrumento I <br>Instrumento arm\u00f3nico Elementos T\u00e9cnicos de la M\u00fasica I <br>Taller de M\u00fasica Popular&nbsp;<\/td><\/tr><tr><td>Elementos T\u00e9cnicos de la M\u00fasica III<\/td><td>Elementos T\u00e9cnicos de la M\u00fasica II <br>Historia de la M\u00fasica II<\/td><\/tr><tr><td>Historia de la M\u00fasica III<\/td><td>Historia de la M\u00fasica II <br>Elementos T\u00e9cnicos de la M\u00fasica II<\/td><\/tr><tr><td>Espacio de la Pr\u00e1ctica Docente III<\/td><td>2do. A\u00f1o completo<\/td><\/tr><\/tbody><\/table><\/figure>\n\n\n\n<h2 class=\"wp-block-heading\">4\u00b0 A\u00d1O<\/h2>\n\n\n\n<figure class=\"wp-block-table\"><table><tbody><tr><td><strong>ESPACIO CURRICULAR<\/strong><\/td><td><strong>Requisitos para cursar:<\/strong> (Acreditados al comienzo del Ciclo Lectivo o en condiciones de compensar hasta julio-agosto, por ser correlativos)<\/td><\/tr><tr><td>Instrumento IV<\/td><td>Instrumento III <br>Conjunto de C\u00e1mara II <br>Elementos T\u00e9cnicos de M\u00fasica III <br>Historia de la M\u00fasica III <br>Taller de M\u00fasica Popular<\/td><\/tr><tr><td>Conjunto de C\u00e1mara IV<\/td><td>Conjunto de C\u00e1mara III <br>Instrumento III <br>Elementos T\u00e9cnicos de M\u00fasica III <br>Historia de la M\u00fasica III<\/td><\/tr><tr><td>Medios Electroac\u00fasticos&nbsp;<\/td><td>Ac\u00fastica<\/td><\/tr><tr><td>Elementos T\u00e9cnicos IV<\/td><td>Elementos T\u00e9cnicos de M\u00fasica III <br>Historia de la M\u00fasica III<\/td><\/tr><tr><td>Historia de la M\u00fasica Argentina y Latinoamericana<\/td><td>Historia de la M\u00fasica III <br>Elementos T\u00e9cnicos de M\u00fasica III<\/td><\/tr><tr><td>Literatura<\/td><td>Historia de la M\u00fasica II<\/td><\/tr><tr><td>Artes Visuales<\/td><td>Historia de la M\u00fasica II<\/td><\/tr><tr><td>Espacio de la Pr\u00e1ctica Docente IV<\/td><td>3er. A\u00f1o completo<\/td><\/tr><\/tbody><\/table><\/figure>\n","protected":false},"excerpt":{"rendered":"<p>PROFESORADO EN M\u00daSICA (Orientaci\u00f3n INSTRUMENTO) 1\u00b0A\u00d1O ESPACIO CURRICULAR Requisitos para cursar: &nbsp; Perspectiva Filos\u00f3fico-Pedag\u00f3gica I Formaci\u00f3n B\u00e1sica completa Perspectiva Pedag\u00f3gico-Did\u00e1ctica I Formaci\u00f3n B\u00e1sica completa Perspectiva Socio-Pol\u00edtica&nbsp; Formaci\u00f3n B\u00e1sica completa Psicolog\u00eda y Cultura en la Educaci\u00f3n Formaci\u00f3n B\u00e1sica completa Instrumento I Instrumento III &nbsp;(Formaci\u00f3n B\u00e1sica) Lenguaje Musical &nbsp;(Formaci\u00f3n B\u00e1sica) Instrumento arm\u00f3nico Instrumento arm\u00f3nico (Formaci\u00f3n B\u00e1sica) Conjunto &#8230; <a title=\"Correlatividades POI\" class=\"read-more\" href=\"https:\/\/cml-bue.infd.edu.ar\/sitio\/correlatividades-poi\/\" aria-label=\"More on Correlatividades POI\">[+]<\/a><\/p>\n","protected":false},"author":322,"featured_media":0,"parent":0,"menu_order":0,"comment_status":"closed","ping_status":"closed","template":"","meta":[],"acf":[],"_links":{"self":[{"href":"https:\/\/cml-bue.infd.edu.ar\/sitio\/wp-json\/wp\/v2\/pages\/3540"}],"collection":[{"href":"https:\/\/cml-bue.infd.edu.ar\/sitio\/wp-json\/wp\/v2\/pages"}],"about":[{"href":"https:\/\/cml-bue.infd.edu.ar\/sitio\/wp-json\/wp\/v2\/types\/page"}],"author":[{"embeddable":true,"href":"https:\/\/cml-bue.infd.edu.ar\/sitio\/wp-json\/wp\/v2\/users\/322"}],"replies":[{"embeddable":true,"href":"https:\/\/cml-bue.infd.edu.ar\/sitio\/wp-json\/wp\/v2\/comments?post=3540"}],"version-history":[{"count":1,"href":"https:\/\/cml-bue.infd.edu.ar\/sitio\/wp-json\/wp\/v2\/pages\/3540\/revisions"}],"predecessor-version":[{"id":3541,"href":"https:\/\/cml-bue.infd.edu.ar\/sitio\/wp-json\/wp\/v2\/pages\/3540\/revisions\/3541"}],"wp:attachment":[{"href":"https:\/\/cml-bue.infd.edu.ar\/sitio\/wp-json\/wp\/v2\/media?parent=3540"}],"curies":[{"name":"wp","href":"https:\/\/api.w.org\/{rel}","templated":true}]}}